e
Is 186891 prime?
False
Is 101435 a composite number?
True
Is 3011 composite?
False
Is 5461 a prime number?
False
Is 24317 composite?
False
Is 3537559 a prime number?
True
Is 139903 prime?
False
Is 70559 prime?
False
Is 2061483 a prime number?
False
Is 128503 prime?
False
Is 13147 a prime number?
True
Is 2681 composite?
True
Is 434597 composite?
False
Is 3485787 a composite number?
True
Is 407633 a prime number?
True
Is 54959 a composite number?
False
Is 827993 a prime number?
False
Is 88859 a prime number?
False
Is 4593 a composite number?
True
Is 445551 a prime number?
False
Is 22391 a prime number?
True
Is 284857 a prime number?
True
Is 96742 prime?
False
Is 57899 composite?
False
Is 6733 composite?
False
Is 8857 prime?
False
Is 5297 a composite number?
False
Is 92867 prime?
True
Is 7555 prime?
False
Is 23401 a composite number?
True
Is 494693 prime?
True
Is 1867574 prime?
False
Is 8501 composite?
False
Is 312107 a composite number?
False
Is 15877 a composite number?
False
Is 24281 composite?
False
Is 1003402 a composite number?
True
Is 1156217 a prime number?
True
Is 80789 a prime number?
True
Is 20701 composite?
True
Is 8903 a composite number?
True
Is 35749 prime?
False
Is 53903 a composite number?
True
Is 32987 a prime number?
True
Is 102439 prime?
False
Is 13367 a composite number?
False
Is 5129 a prime number?
False
Is 1639 prime?
False
Is 21011 prime?
True
Is 17827 a prime number?
True
Is 158997 a composite number?
True
Is 316787 a prime number?
False
Is 22535 prime?
False
Is 136789 a composite number?
True
Is 820141 a composite number?
True
Is 1184057 prime?
False
Is 33107 a composite number?
False
Is 68389 prime?
True
Is 431 prime?
True
Is 451783 a composite number?
False
Is 562259 a prime number?
True
Is 99961 composite?
False
Is 97763 prime?
False
Is 10489 composite?
True
Is 769 a prime number?
True
Is 6749 a composite number?
True
Is 4489 a prime number?
False
Is 232913 composite?
True
Is 213013 prime?
False
Is 1561003 prime?
True
Is 116543 prime?
False
Is 993443 prime?
False
Is 136709 composite?
False
Is 495106 a prime number?
False
Is 7773 prime?
False
Is 128263 composite?
True
Is 10669 prime?
False
Is 23781 prime?
False
Is 55457 a composite number?
False
Is 184181 prime?
True
Is 23965 a prime number?
False
Is 9079 composite?
True
Is 5461 a prime number?
False
Is 85 a prime number?
False
Is 269281 a prime number?
True
Is 969355 composite?
True
Is 23093 prime?
False
Is 11633 a prime number?
True
Is 32887 composite?
False
Is 235001 a composite number?
True
Is 749 a composite number?
True
Is 426287 prime?
True
Is 5141 a prime number?
False
Is 15683 a composite number?
False
Is 12723 prime?
False
Is 12071 a composite number?
False
Is 15427 composite?
False
Is 164477 composite?
False
Is 2203 a composite number?
False
Is 34043 composite?
True
Is 19537 a prime number?
False
Is 4327 a prime number?
True
Is 681809 a composite number?
False
Is 49703 composite?
True
Is 6197 composite?
False
Is 92593 a prime number?
True
Is 2513 composite?
True
Is 17623 composite?
False
Is 20887 a prime number?
True
Is 411653 prime?
False
Is 85001 a prime number?
False
Is 22 composite?
True
Is 8707 composite?
False
Is 440863 prime?
True
Is 1465 prime?
False
Is 61421 a composite number?
True
Is 168449 prime?
True
Is 6423 prime?
False
Is 8885 prime?
False
Is 327401 a composite number?
False
Is 19478 a composite number?
True
Is 1055 composite?
True
Is 236603 prime?
False
Is 493243 prime?
True
Is 99377 a prime number?
True
Is 186757 a prime number?
True
Is 297545 a prime number?
False
Is 39623 a composite number?
False
Is 1067 composite?
True
Is 1189469 a composite number?
False
Is 1612649 prime?
True
Is 1145621 prime?
True
Is 1843991 a composite number?
True
Is 58189 composite?
False
Is 22529 prime?
False
Is 185261 a composite number?
True
Is 12239 composite?
False
Is 4699 prime?
False
Is 435531 a prime number?
False
Is 673 a prime number?
True
Is 156967 prime?
True
Is 2536577 prime?
True
Is 6007 a prime number?
True
Is 207617 a composite number?
True
Is 64093 a composite number?
True
Is 120473 prime?
True
Is 28979 composite?
False
Is 654671 a composite number?
False
Is 15307 composite?
False
Is 64031 a composite number?
True
Is 142735 prime?
False
Is 809423 composite?
False
Is 58363 a prime number?
True
Is 7201 prime?
False
Is 11027 a composite number?
False
Is 354581 composite?
False
Is 1147 composite?
True
Is 23221 a composite number?
True
Is 200179 a composite number?
True
Is 142657 prime?
True
Is 5079 a composite number?
True
Is 2401783 a composite number?
True
Is 139717 a composite number?
True
Is 84559 prime?
True
Is 409 a prime number?
True
Is 525241 a prime number?
True
Is 176887 composite?
False
Is 13411 composite?
False
Is 2633 prime?
True
Is 94453 a composite number?
True
Is 93117 a prime number?
False
Is 3967 a prime number?
True
Is 1590343 composite?
False
Is 466129 a prime number?
False
Is 185 a composite number?
True
Is 107479 prime?
False
Is 78707 prime?
True
Is 196691 a prime number?
False
Is 618253 prime?
True
Is 1647403 prime?
False
Is 130334 composite?
True
Is 282559 composite?
False
Is 6737 composite?
False
Is 105071 prime?
True
Is 173221 a prime number?
False
Is 2135083 prime?
True
Is 19801 a composite number?
False
Is 15427 a composite number?
False
Is 8131 a composite number?
True
Is 54271 a composite number?
True
Is 82741 a composite number?
True
Is 28019 a composite number?
False
Is 1397 composite?
True
Is 45817 prime?
True
Is 5163073 prime?
False
Is 57637 prime?
True
Is 9767 a composite number?
False
Is 496703 composite?
False
Is 170981 a composite number?
True
Is 43041 a prime number?
False
Is 1388339 a composite number?
True
Is 51833 a composite number?
True
Is 17011 a composite number?
False
Is 187463 a composite number?
False
Is 97457 composite?
True
Is 151531 prime?
True
Is 2982995 composite?
True
Is 1761367 a composite number?
False
Is 3389 composite?
False
Is 8963 a composite number?
False
Is 26513 prime?
True
Is 719 a composite number?
False
Is 8999 prime?
True
Is 5513 composite?
True
Is 287173 composite?
False
Is 15419 a prime number?
False
Is 8767 a composite number?
True
Is 20523 composite?
True
Is 5135867 a prime number?
False
Is 12143 a composite number?
False
Is 157 composite?
False
Is 397 a composite number?
False
Is 76177 prime?
False
Is 2999 a prime number?
True
Is 3047 a prime number?
False
Is 45863 a prime number?
True
Is 522359 composite?
True
Is 60719 a prime number?
True
Is 201671 a prime number?
False
Is 42043 prime?
True
Is 24143 a composite number?
True
Is 483467 a composite number?
False
Is 4749 a composite number?
True
Is 41962 composite?
True
Is 302261 a prime number?
True
Is 127 a composite number?
False
Is 50449 a prime number?
False
Is 3359 a composite number?
False
Is 22381 composite?
False
Is 32479 composite?
False
Is 6469 prime?
True
Is 7195 composite?
True
Is 3199 a prime number?
False
Is 12131 a composite number?
True
Is 211567 prime?
False
Is 495623 prime?
False
Is 658059 composite?
True
Is 35759 prime?
True
Is 4337 a composite number?
False
Is 347489 a prime number?
True
Is 691853 prime?
False
Is 20287 a prime number?
True
Is 20611 prime?
True
Is 136039 prime?
False
Is 578353 a composite number?
False
Is 14939 composite?
False
Is 8465 a prime number?
False
Is 4911 prime?
False
Is 11411 a prime number?
True
Is 45151 composite?
True
Is 91 a composite number?
True
Is 14591 a composite number?
False
Is 3554885 a composite number?
True
Is 49597 prime?
True
Is 2053 composite?
False
Is 585569 composite?
False
Is 401035 a composite number?
True
Is 18301 a prime number?
True
Is 14941 composite?
True
Is 11549 a prime number?
True
Is 5077 composite?
False
Is 14587 composite?
True
Is 3593 a composite number?
False
Is 33479 composite?
False
Is 16769 composite?
True
Is 925559 a prime number?
True
Is 213791 a prime number?
True
Is 10265 prime?
False
Is 631 a composite number?
False
Is 713107 prime?
True
Is 20971 a composite number?
True
Is 1087 a composite number?
False
Is 9409 prime?
False
Is 393073 prime?
True
Is 1579 prime?
True
Is 1790843 a prime number?
False
Is 12929 prime?
False
Is 13751 composite?
False
Is 2491 composite?
True
Is 384737 a composite number?
False
Is 513139 a prime number?
False
